s of c?
2, 3, 19, 53
Suppose 28*b = 33*b - 3320. Suppose 0 = u - 4*h - 956, 4*u + 4*h - 3180 - b = 0. What are the prime factors of u?
2, 3, 5
Suppose 4*o - 4*y - 120 = y, 0 = -3*o - 5*y + 55. Let g be 540/o - -4 - 4/(-10). What are the prime factors of g/(-65) - 82/(-5)?
2
Let r = 224 + -226. What are the prime factors of (2640/75)/(r - (-11)/5)?
2, 11
Suppose 468 = 2*f - 6*f + 2*g, g - 349 = 3*f. Let m = f - -299. List the prime factors of m.
2, 23
Let a be (-42)/56 - (-15)/4 - 7. Let o be -1*1*a/(16/2612). Let h = -429 + o. What are the prime factors of h?
2, 7
Let w be -5 + (183 + 6 - 1). Suppose 65*i = 68*i - w. List the prime factors of i.
61
Suppose 4740 + 8682 = 2*y. List the prime factors of y.
3, 2237
Suppose 166 = -4*n - 114. Let o = 23 - n. What are the prime factors of o?
3, 31
Let m(n) = 8*n**2 - 8*n + 8. Let a = -75 + 27. Let b = a - -43. What are the prime factors of m(b)?
2, 31
Let g(u) = 12*u - 42. Let x be g(4). Let m(d) = d**2 - 6*d + 5. What are the prime factors of m(x)?
5
Suppose 704 = 3*o - 163. Suppose 5*k - g = -0*g + 1471, -5*g = k - o. Suppose 8 = -2*b + k. What are the prime factors of b?
11, 13
Suppose -23271 = -16*x + 33977. List the prime factors of x.
2, 1789
Suppose 72*n - 62*n - 20 = 0. List the prime factors of ((-25)/n)/((-18)/1224) + -1.
3, 283
Let m = 32 + -16. Suppose m*c = 20*c - 20. Suppose -5*q + 103 = c*a - 2*a, q + 91 = 3*a. List the prime factors of a.
31
Let l(z) be the first derivative of -z**4 + 0*z**2 + 2/3*z**3 - 3*z - 41. List the prime factors of l(-2).
37
Let a(s) = -2*s**2 + 12*s + 11. Let f(r) = 5*r**2 - 35*r - 32. Let p(n) = 8*a(n) + 3*f(n). Let u be p(-12). Let z = 79 + u. List the prime factors of z.
5, 7
Let j be (45/25)/((-9)/(-15)). What are the prime factors of 170 + 5*(j + -4)?
3, 5, 11
Let b(f) = -f**3 - 17*f**2 + 176*f - 203. List the prime factors of b(-32).
3, 5, 127
Suppose -2*p = t - 17457, 2*p - 10961 - 6501 = 4*t. List the prime factors of p.
7, 29, 43
Suppose 0*b - 1146 = -3*b. Let f(h) = h**2 - 11*h + 22. Let a be f(9). Suppose -703 + 173 = -a*k + 5*u, -b = -3*k - 4*u. What are the prime factors of k?
2, 5, 13
Let w(m) = 2671*m**2 + 20*m - 100. List the prime factors of w(4).
2, 59, 181
Let f(c) be the third derivative of -c**6/120 + 7*c**5/60 - 7*c**3/6 + 16*c**2. Let s be f(7). List the prime factors of ((2 + 0)*s)/(2/(-17)).
7, 17
Suppose 316*n - 1862760 = 88*n. List the prime factors of n.
2, 5, 19, 43
Let n = 32596 - -34904. What are the prime factors of n?
2, 3, 5
Let y(d) = 25*d**3 - 11*d**2 - 117*d + 1369. What are the prime factors of y(13)?
2, 3, 8819
Suppose 153*j + 49*j = -52*j + 8122920. List the prime factors of j.
2, 3, 5, 13, 41
Let a be 14/(-35) - (-36)/(-10) - -12. Suppose -4*s + a*m - 11*m = -977, -4*s + 3*m + 1007 = 0. What are the prime factors of s?
2, 31
Let a(r) = -10*r + 3 + 12*r**2 + 15 + 5 - 10*r**2. What are the prime factors of a(-12)?
431
What are the prime factors of (-2)/17 - 11307702/(-714)?
3, 5279
Suppose 0 = -3*m - 2*i - 24078 + 68967, -44868 = -3*m + 5*i. List the prime factors of m.
3, 4987
Suppose 2*k + 4*t - 739 + 21 = 0, k + 3*t = 362. Let p = k - 29. List the prime factors of p.
2, 3
Suppose 3*c + 14399 - 54351 = -d, -4*c - 5*d = -53262. List the prime factors of c.
2, 6659
Suppose 3*q = 28 + 98. Suppose 7*y - 7 = q. Suppose y*d + 116 = 8*d. What are the prime factors of d?
2, 29
Suppose -222*n + 223*n = 34. Let f(z) = -14 + n + 37*z - 11 - 8. What are the prime factors of f(3)?
2, 7
Let y = -50990 + 107897. What are the prime factors of y?
3, 6323
Let x = -222 + 224. List the prime factors of x + 167 + (-8 - -5).
2, 83
Let k be -1 - (-12 + -8)/5. Suppose -k*f - 6*f = -12141. List the prime factors of f.
19, 71
Let a(u) = 2*u**2 - 40*u + 47. Let h be a(21). Let q = h - -197. List the prime factors of q.
2, 11, 13
Let v be (3 - (-55)/(-15))*6. Let b(j) = -27*j**3 + 4*j**2 + 5*j + 14. List the prime factors of b(v).
2, 19, 47
Suppose -20*r + 1398 = -25762. Suppose -2*z - 412 = -r. What are the prime factors of z?
11, 43
Suppose 60 + 106 = -2*a. Let h = 86 + a. Suppose 8*v = h*v + 745. What are the prime factors of v?
149
Suppose -3*f + 2*l + 18 = 0, -3*f + 2*f = l - 1. Suppose b + f*b = y + 1204, 0 = 4*b + 3*y - 948. Let u = b - 103. What are the prime factors of u?
137
Suppose -39*q + 41*q - 7*z - 1506 = 0, -3*q - z + 2282 = 0. List the prime factors of q.
2, 5, 19
Suppose -5*o + 2*o + 50 = -a, -2*a + 5*o - 97 = 0. Let j = a + 45. Suppose -2*h - 3*d = -234, 5*h + j*d - 576 = d. What are the prime factors of h?
2, 3, 19
Let r = -1822 - -1102. Let s = 1014 + r. List the prime factors of s.
2, 3, 7
Let q(r) = -2*r**2 + 5*r + 4. Let g be q(4). Let o be (-5 - (g + 2))*-12. What are the prime factors of 3/(-72)*-681 - o/(-32)?
2, 7
Suppose 0 = 2*o - 8 - 14. Suppose 9*v = o + 7. Suppose -v*u + 112 = -168. What are the prime factors of u?
2, 5, 7
Let r(i) = -45*i - 8. Let h be r(-2). Let q(d) = -4 - h*d + 32*d - 43 + 12*d. What are the prime factors of q(-6)?
181
Let f = -5926 - -12056. Suppose f = 12*p - 2*p. What are the prime factors of p?
613
Suppose 4*g - m - 17701 = 0, m - 13267 = -18*g + 15*g. List the prime factors of g.
2, 7, 79
Let g(j) = -j**2 + 3*j + 3. Let w be g(-6). Let v = 26 + w. Let y = v + 29. What are the prime factors of y?
2
Let v be (7 - 312/42) + (-1672)/(-14). Suppose -116*m = -v*m + 1563. What are the prime factors of m?
521
Let z(r) = -4*r**2 - 259*r + 63. List the prime factors of z(-59).
2, 5, 71
Let b(h) = 455*h**2 - 15*h - 97. List the prime factors of b(-4).
7243
Let u(t) = -641*t - 1617. What are the prime factors of u(-106)?
19, 3491
Let f(i) be the first derivative of i**4 - 2*i**3/3 + 9*i**2/2 + 7. Let d be f(6). Suppose 14*h = 5*h + d. What are the prime factors of h?
2, 47
Let a(z) = 2*z**3 + 260*z**2 + 947*z + 157. What are the prime factors of a(-125)?
2, 2377
Let z(a) = -2*a + 4. Let t be z(0). Let w be 1634/18 + t/18. Suppose -3*k + 322 = w. List the prime factors of k.
7, 11
Let x = 9 - 15. Let p(r) = r**2 - 2*r + 8. Let z be p(x). Let a = 21 + z. List the prime factors of a.
7, 11
Suppose d - 2256 = -4*z, 1150 = 2*z + 5*d - 10*d. Let n = z - 265. Suppose -3*u + 95 = 5*f - 205, 5*f - 2*u - n = 0. List the prime factors of f.
2, 3, 5
Suppose a = -3*o + 33974, -101*a = 3*o - 98*a - 33978. What are the prime factors of o?
2, 19, 149
Let c = -1 + 7. Let b(n) be the second derivative of 7*n**3/3 - 13*n**2/2 - n + 278. List the prime factors of b(c).
71
Suppose 3*v - 66 = 57. Suppose 39*s + 900 = v*s. Suppose -3*w + s = 3*w. What are the prime factors of w?
3, 5
Suppose -7*m - 253997 = -12*m + s, m - 50812 = 2*s. List the prime factors of m.
2, 11, 2309
Let r be (-26154)/99 - (-2)/11. Let s = r + 1378. What are the prime factors of s?
2, 557
Let n = -16366 - -34868. What are the prime factors of n?
2, 11, 29
Let j = 31692 - -613. List the prime factors of j.
5, 7, 13, 71
Let j(n) = 186*n**2 + 11*n - 19. What are the prime factors of j(-6)?
11, 601
Let i be 422/6 - 6/(-45)*5. Let b = i + 64. What are the prime factors of b?
3, 5
Let f(o) = 2*o**2 - 21*o - 5. Let x(z) = -z**2 + 25 + 18 - 44. Let q(v) = f(v) + 3*x(v). What are the prime factors of q(-9)?
2, 5
Let w = 29987 + -42821. What are the prime factors of (-1 + -1)/(-4)*w/(-23)?
3, 31
Let m = -1681 + 538. What are the prime factors of 3/(6 - m/(-192))?
2
Let t(q) = 33*q - 188. Suppose -y = -4*b + 7*b - 53, 0 = -y + 5*b + 13. What are the prime factors of t(y)?
2, 13, 41
Let r(p) = -246*p + 21018. List the prime factors of r(0).
2, 3, 31, 113
Let f(d) = 35*d + 1. Let k be f(-1). Let c be 1/2 + 17/k. Suppose 5*g - 317 - 168 = c. List the prime factors of g.
97
List the prime factors of (4 - (-126)/(-35))*(3 + 0 + 19232).
2, 3847
Let x(q) = -5*q**2 - 16*q + 12. Let w(l) = 4*l**2 + 16*l - 14. Let i(a) = 3*w(a) + 2*x(a). Let t be i(-10). Let r = t - -178. What are the prime factors of r?
2, 5
Suppose -1603814 - 2008277 = -139*x - 718250. What are the prime factors of x?
109, 191
Let n be (2484/483)/(4/(-154)). List the prime factors of -6*11/(n/1644).
2, 137
Suppose -3*z + 840 = 3*w, 3*z - w - 1183 = -363. Suppose -z = -x - r, -3*x = 2*r - 872 + 46. List the prime factors of x.
2, 3, 23
Suppose -5*m - 8036 = -4*a, -11*a = -7*a - m - 8036. What are 